{"id":12,"date":"2014-06-15T15:19:59","date_gmt":"2014-06-15T13:19:59","guid":{"rendered":"http:\/\/mcesson.se\/?page_id=12"},"modified":"2021-02-06T12:50:24","modified_gmt":"2021-02-06T11:50:24","slug":"lankar","status":"publish","type":"page","link":"https:\/\/mcesson.se\/?page_id=12","title":{"rendered":"L\u00e4nkar"},"content":{"rendered":"<p><em><strong>Mina sidor, album och bloggar<\/strong><\/em><\/p>\n<p><a href=\"http:\/\/www.mcesson.se\/macke\" target=\"_blank\" rel=\"noopener noreferrer\">Min blogg<\/a>\u00a0&#8211; H\u00e4r bloggar jag mitt vardagsliv.<\/p>\n<p><a href=\"http:\/\/mcesson.wordpress.com\/\" target=\"_blank\" rel=\"noopener noreferrer\">Fotobloggen<\/a>\u00a0&#8211; En blogg d\u00e4r allt handlar om fotografi, bildbehandling m.m.<\/p>\n<p><a href=\"http:\/\/mcesson.se\/nyalbum\/index.php\" target=\"_blank\" rel=\"noopener noreferrer\">Fotoalbumet<\/a> &#8211; I mitt fotoalbum hittar du en del av det jag fotat \u00f6ver l\u00e5ng tid.<\/p>\n<p><a href=\"http:\/\/webalbum.mcesson.se\/#!home\" target=\"_blank\" rel=\"noopener noreferrer\">Webalbumet<\/a> &#8211; H\u00e4r finns bilder kategoriserade som en del event, mina barn, huset m.m.<\/p>\n<p><a href=\"http:\/\/grubbel.mcesson.se\/#home\" target=\"_blank\" rel=\"noopener noreferrer\">Gamla bloggen<\/a> &#8211; H\u00e4r finns min f\u00f6rsta blogg d\u00e4r jag inte l\u00e4ngre huserar, men den f\u00e5r finnas kvar om n\u00e5gon skulle vilja l\u00e4sa lite.<\/p>\n<p><a href=\"http:\/\/mcesson.se\/mcereptiles\/index.htm\" target=\"_blank\" rel=\"noopener noreferrer\">Macke&#8217;s reptiler<\/a> &#8211; En sida d\u00e4r jag skrivit lite om mina terrariedjur.<\/p>\n<p><a href=\"http:\/\/mcesson.se\/flightsite\/index.htm\" target=\"_blank\" rel=\"noopener noreferrer\">Lycksele flight site<\/a> &#8211; En sida om R\/C hobbyn jag har.<\/p>\n<p><a href=\"http:\/\/mcesson.se\/indexORG.htm\" target=\"_blank\" rel=\"noopener noreferrer\">mcesson OLD<\/a> &#8211; Min gamla hemsida ligger kvar h\u00e4r!<\/p>\n<p><a href=\"http:\/\/www.lightningmaps.org\" target=\"_blank\" rel=\"noopener noreferrer\">Lightning maps<\/a> &#8211; Karta \u00f6ver blixnedslag i realtid<\/p>\n<p><a href=\"http:\/\/vilkenart.se\/\">Fj\u00e4rilsbest\u00e4mning<\/a> &#8211; En bra sida om man beh\u00f6ver artbest\u00e4mma fj\u00e4rilar.<\/p>\n<p><a href=\"https:\/\/mea725.blogspot.com\/\">meas&#8217;s blogg<\/a> &#8211; Mea&#8217;s blogg med massor av fina bilder!<\/p>\n<p><a href=\"http:\/\/extreme-macro.co.uk\/\"> Extreme Macro Photography<\/a> &#8211; Intressant sida f\u00f6r macro fotografering!<\/p>\n<p><a href=\"https:\/\/3dp.rocks\/lithophane\/?fbclid=IwAR1eJ_efqdjhzW7qDYzRxUPLz1IWDaHhvOdQCrU67ACVrBc6ypxiIXQ9Lf0\">Image to Lithophane<\/a> &#8211; G\u00f6r STL-filer av bilder f\u00f6r 3d utskrift<\/p>\n<p><a href=\"https:\/\/lithophanemaker.com\/?fbclid=IwAR0PaSNXd1dN8aY8WAooNuMkciuDr2c_q92RnxyLrlRGQOx9YB6z9twXOo0\">Lithophane maker<\/a> &#8211; En till Litophane maker<\/p>\n<p>&nbsp;<\/p>\n<p>&nbsp;<\/p>\n<p>&nbsp;<\/p>\n","protected":false},"excerpt":{"rendered":"<p>Mina sidor, album och bloggar Min blogg\u00a0&#8211; H\u00e4r bloggar jag mitt vardagsliv. Fotobloggen\u00a0&#8211; En blogg d\u00e4r allt handlar om fotografi, bildbehandling m.m. Fotoalbumet &#8211; I mitt fotoalbum hittar du en del av det jag fotat \u00f6ver l\u00e5ng tid. Webalbumet &#8211; &hellip; <a href=\"https:\/\/mcesson.se\/?page_id=12\">Continue reading <span class=\"meta-nav\">&rarr;<\/span><\/a><\/p>\n","protected":false},"author":1,"featured_media":0,"parent":0,"menu_order":0,"comment_status":"closed","ping_status":"closed","template":"","meta":[],"_links":{"self":[{"href":"https:\/\/mcesson.se\/index.php?rest_route=\/wp\/v2\/pages\/12"}],"collection":[{"href":"https:\/\/mcesson.se\/index.php?rest_route=\/wp\/v2\/pages"}],"about":[{"href":"https:\/\/mcesson.se\/index.php?rest_route=\/wp\/v2\/types\/page"}],"author":[{"embeddable":true,"href":"https:\/\/mcesson.se\/index.php?rest_route=\/wp\/v2\/users\/1"}],"replies":[{"embeddable":true,"href":"https:\/\/mcesson.se\/index.php?rest_route=%2Fwp%2Fv2%2Fcomments&post=12"}],"version-history":[{"count":13,"href":"https:\/\/mcesson.se\/index.php?rest_route=\/wp\/v2\/pages\/12\/revisions"}],"predecessor-version":[{"id":1149,"href":"https:\/\/mcesson.se\/index.php?rest_route=\/wp\/v2\/pages\/12\/revisions\/1149"}],"wp:attachment":[{"href":"https:\/\/mcesson.se\/index.php?rest_route=%2Fwp%2Fv2%2Fmedia&parent=12"}],"curies":[{"name":"wp","href":"https:\/\/api.w.org\/{rel}","templated":true}]}}